) = d**2 + 13*d - 30058. Give u(167).
2
Let o(b) = -6*b + 353. Determine o(50).
53
Let i(c) = 29*c - 124. Give i(17).
369
Let m(f) = 11*f**3 - 133*f - 133. Calculate m(-1).
-11
Let s(a) = -26*a - 33. What is s(-4)?
71
Let d(v) = -v**3 + 53*v**2 + 1104*v - 16. Calculate d(69).
-16
Let h(r) = 1679*r + 43659. Calculate h(-26).
5
Let z(o) = -3*o - 256. Determine z(-14).
-214
Let i(l) = -l**2 - 54*l - 497. Determine i(-42).
7
Let s(a) = -84*a - 715. Determine s(-12).
293
Let j(t) = t**2 + 20*t + 12. Determine j(-22).
56
Let t(y) = 41*y**2 + 338*y - 1. Determine t(-7).
-358
Let c(y) = y**3 - 8*y**2 + 15*y + 17. Calculate c(9).
233
Let p(x) = x**2 - 24*x - 12851. Give p(126).
1
Let f(t) = 2*t**3 + 214*t**2 - 2083*t - 43. Determine f(9).
2
Let a(u) = 5*u**2 - 250*u - 25. Determine a(50).
-25
Let c(d) = -218*d**3 + d**2 - 51*d + 50. Give c(1).
-218
Let s(j) = -111*j + 2458. Give s(22).
16
Let d(j) = -j**3 + 16*j**2 + 87*j + 5. Give d(-4).
-23
Let o(t) = -24*t**2 - 165*t - 36. Give o(-5).
189
Let l(y) = -y**2 - 16*y - 47. Give l(-5).
8
Let n(l) = l**2 + 287*l + 1153. Give n(-4).
21
Let j(l) = 12*l**2 + 7*l + 26. Give j(-3).
113
Let f(r) = -117*r - 1277. What is f(-11)?
10
Let y(l) = -32*l + 186. Determine y(19).
-422
Let t(a) = -a**3 - 31*a**2 - 68*a - 118. Give t(-29).
172
Let v(r) = -5*r - 116. Give v(-26).
14
Let u(h) = 2*h**3 + 30*h**2 - 39*h - 115. Give u(-16).
-3
Let q(f) = -3*f**3 + 8*f**2 - 22*f + 22. Determine q(2).
-14
Let t(a) = -a**2 - 36*a - 301. Give t(-13).
-2
Let x(w) = w**3 - 64*w**2 + 3*w - 171. Calculate x(64).
21
Let w(f) = 6*f**2 + 53*f - 9. Determine w(-9).
0
Let o(v) = 4*v**3 + 3*v**2 + 8*v + 4. Calculate o(-4).
-236
Let o(n) = n**3 + 35*n**2 + 52*n + 273. Calculate o(-34).
-339
Let n(w) = 347*w + 24957. What is n(-72)?
-27
Let f(i) = -3*i**3 + 80*i**2 - 53*i + 116. Give f(26).
90
Let s(i) = 11*i**2 + 4518*i + 3283. What is s(-410)?
3
Let w(l) = -2*l + 182. Determine w(37).
108
Let m(w) = 6*w + 65. Calculate m(-1).
59
Let q(x) = -3*x**2 - 428*x + 154. Give q(-143).
11
Let j(i) = -i**3 + 56*i**2 + 371*i - 6. Calculate j(-6).
0
Let g(c) = -c**3 + 13*c**2 - 15*c + 19. Give g(12).
-17
Let w(g) = 14*g**2 + 444*g + 10. Determine w(-32).
138
Let a(o) = -1618*o - 1612. Calculate a(-1).
6
Let n(w) = -276*w - 553. What is n(-2)?
-1
Let x(g) = -2*g**2 - 67*g + 333. Calculate x(-38).
-9
Let a(m) = m**2 - 276*m - 5605. Calculate a(-19).
0
Let l(a) = -9*a + 533. What is l(59)?
2
Let h(p) = -64*p - 425. What is h(-7)?
23
Let h(c) = 4*c - 166. What is h(-8)?
-198
Let t(n) = -2498*n + 92429. Calculate t(37).
3
Let x(o) = 84*o + 1382. Determine x(-18).
-130
Let c(y) = -2316*y - 9262. Give c(-4).
2
Let q(x) = 553*x - 25991. Give q(47).
0
Let q(r) = -12*r - 1023. Give q(-90).
57
Let z(f) = -f**3 - 40*f**2 - 261*f - 7044. Determine z(-38).
-14
Let h(d) = 18*d - 766. What is h(42)?
-10
Let l(h) = 16*h - 57. Determine l(4).
7
Let z(o) = -93*o**2 - 3*o + 3. Determine z(1).
-93
Let l(r) = -23*r + 81. What is l(-6)?
219
Let k(n) = 83*n - 3228. Give k(39).
9
Let f(b) = -b**2 + 145*b - 4890. Determine f(48).
-234
Let s(k) = 160*k - 1904. What is s(12)?
16
Let u(s) = 65*s + 24. What is u(-2)?
-106
Let i(l) = -5*l**3 - 332*l**2 + 202*l + 64. Calculate i(-67).
-3
Let l(c) = -33*c + 137. Determine l(12).
-259
Let d(j) = 4*j + 81. Determine d(-19).
5
Let n(x) = 1193*x - 26251. Calculate n(22).
-5
Let o(n) = n**3 - 78*n**2 + 4*n - 300. Give o(78).
12
Let b(l) = 2*l**2 - 49*l + 195. Determine b(6).
-27
Let a(h) = 2*h**2 + 117*h - 243. Calculate a(-60).
-63
Let q(b) = -78*b + 1705. What is q(22)?
-11
Let b(y) = -3*y**2 + 114*y + 637. Calculate b(-5).
-8
Let f(x) = x**3 - 135*x**2 - 131*x - 692. Calculate f(136).
-12
Let g(o) = 335*o**2 + 47*o - 46. Give g(1).
336
Let h(x) = 83*x + 8164. Give h(-98).
30
Let h(f) = 51*f - 67. Give h(-4).
-271
Let p(b) = 9*b**2 + 17*b + 8. Calculate p(-5).
148
Let j(t) = 7*t**2 + 111*t - 339. Give j(3).
57
Let h(r) = -125*r - 1475. What is h(-12)?
25
Let c(u) = 22*u**2 + 11*u - 36. What is c(-5)?
459
Let v(h) = h**3 + 12*h**2 + 19*h + 427. Calculate v(-13).
11
Let f(v) = -v**3 - 12*v**2 + 92*v + 47. Give f(-17).
-72
Let q(j) = j**2 - 41*j + 411. Calculate q(14).
33
Let a(f) = -56*f - 71. What is a(0)?
-71
Let t(m) = -3*m - 7. Determine t(0).
-7
Let i(v) = 2*v**3 - 51*v**2 - 24*v + 47. What is i(26)?
99
Let t(k) = -k**3 + 6*k**2 - 20*k + 52. Give t(3).
19
Let k(q) = -2*q**2 + 63*q + 512. Determine k(-10).
-318
Let f(w) = w**3 - 109*w**2 - 218*w - 450. Calculate f(111).
-6
Let k(b) = -b**3 + 16*b**2 + 25*b - 402. Give k(16).
-2
Let x(t) = -t**2 - 12*t + 83. What is x(-23)?
-170
Let y(s) = -s**3 - 4*s**2 + 73*s - 32. Give y(-13).
540
Let v(t) = 3*t**2 - 53*t - 137. Calculate v(19).
-61
Let p(q) = -60*q + 307. Give p(6).
-53
Let x(d) = -12*d - 225. What is x(-15)?
-45
Let i(w) = 2*w**2 + 11*w - 78. Give i(-5).
-83
Let h(g) = -138*g - 1148. Calculate h(-7).
-182
Let o(s) = 99*s + 291. What is o(-3)?
-6
Let o(k) = 12*k**2 + 134*k + 16. What is o(-11)?
-6
Let u(r) = 24*r + 106. Determine u(-8).
-86
Let g(o) = -43*o + 4150. What is g(100)?
-150
Let y(q) = -22*q**3 + 6*q**2 - 39*q - 39. Determine y(-1).
28
Let j(h) = -79*h + 2445. Calculate j(31).
-4
Let s(t) = 11*t + 55. What is s(-4)?
11
Let p(w) = -24*w - 598. What is p(-7)?
-430
Let a(y) = -y**2 - 33*y - 112. Determine a(-5).
28
Let l(z) = -20*z**3 + z**2 + 2*z - 1. Determine l(2).
-153
Let v(n) = -n**2 - 1187*n - 157323. What is v(-152)?
-3
Let d(u) = 55*u - 1310. What is d(24)?
10
Let m(v) = -32*v - 73. What is m(-3)?
23
Let n(b) = 47*b - 20. Determine n(2).
74
Let i(s) = -56*s**2 - 365*s + 189. Give i(-7).
0
Let k(b) = 1126*b + 8987. Give k(-8).
-21
Let p(f) = 500*f + 14991. Calculate p(-30).
-9
Let w(n) = 2*n**3 - 30*n**2 + 36*n - 100. What is w(14)?
12
Let d(g) = -53*g + 500. Calculate d(18).
-454
Let s(z) = z**2 - 79*z + 1566. What is s(43)?
18
Let g(z) = 3*z**3 - 12*z**2 - 20*z + 2. Calculate g(-2).
-30
Let t(x) = -x**2 + 66*x - 1025. Calculate t(25).
0
Let f(p) = p - 31. What is f(14)?
-17
Let b(d) = 24362*d + 97450. Give b(-4).
2
Let c(l) = -6*l**3 + 4*l - 9. Determine c(2).
-49
Let y(s) = 166*s - 493. Calculate y(3).
5
Let b(u) = 97*u + 1119. What is b(-11)?
52
Let j(g) = 3*g**2 - 39*g + 288. Give j(6).
162
Let n(r) = -7*r**3 - 175*r**2 + 6*r + 22. Calculate n(-25).
-128
Let o(v) = 35*v - 388. Determine o(-4).
-528
Let h(x) = -75*x**2 + 137*x + 5. Determine h(3).
-259
Let b(t) = 2*t**3 - 134*t**2 + 126*t + 385. Determine b(66).
-11
Let v(i) = 128*i + 890. Determine v(-7).
-6
Let l(i) = -4*i - 188. Determine l(-30).
-68
Let c(o) = 107*o - 4385. Give c(41).
2
Let h(j) = 94*j**2 - 11*j - 1. Give h(-2).
397
Let i(h) = 18*h + 1538. Give i(-86).
-10
Let c(u) = -u**2 - 35*u + 1685. Calculate c(-62).
11
Let n(f) = -f**3 - 53*f**2 + 638*f + 520. Calculate n(-63).
16
Let f(q) = 96*q**2 - 478*q - 11. Give f(5).
-1
Let h(s) = s**3 + 137*s**2 + 659*s - 144. What is h(-132)?
-12
Let p(j) = 260*j**2 - 12*j - 7. Give p(-1).
265
Let u(g) = -80*g + 2038. Calculate u(24).
118
Let k(o) = 2*o**3 - 38*o**2 - 110*o + 1396. What is k(20)?
-4
Let p(o) = 6*o**2 - 373*o + 786. Give p(60).
6
Let q(o) = -3*o**2 + 350*o + 1439. Calculate q(-4).
-9
Let o(r) = -363*r - 5091. Give o(-14).
-9
Let l(g) = -6*g**3 + 18*g**2 + 32*g - 41. Determine l(4).
-9
Let i(x) = x**2 + 105*x - 3883. What is i(29)?
3
Let n(f) = -65*f + 901. What is n(13)?
56
Let q(b) = 7*b**2 + 146*b + 101. Determine q(-20).
-19
Let k(i) = -4*i**3 - 38*i**2 - 14*i - 36. What is k(-9)?
-72
Let o(g) = 54*g**3 - 4*g**2 + 3. Determine o(1).
53
Let s(t) = -932*t + 8386. Determine s(9).
-2
Let b(i) = 511*i + 182. What is b(0)?
182
Let i(d) = -2*d**2 + 152*d - 59. Calculate i(77).
-213
Let p(n) = -n**3 + 14*n**2 + 43*n - 18. What is p(16)?
158
Let w(l) = 2*l**3 - 114*l**2 + 111*l + 82. Give w(56).
26
Let v(k) = -334*k + 3676. Determine v(11).
2
Let i(w) = 4795*w - 124672. Determine i(26).
-2
Let o(q) = 25*q**3 - 3626*q**2 + 140*q + 720. Calculate o(145).
-5
Let g(h) = 203*h - 1307. Determine g(7).
114
Let a(k) = 135*k + 17941. What is a(-133)?
-14
Let g(y) = y**2 + 834*y - 24148. Calculate g(28).
-12
Let a(o) = -o**3 + 23*o**2 + 52*o - 649. Determine a(24).
23
Let b(i) = 2*i**2 + 39*i + 119. Calculate b(-17).
34
Let l(i) = 7*i**3 - 204*i**2 + 25*i +